   {"id":267,"date":"2014-12-04T09:08:56","date_gmt":"2014-12-04T09:08:56","guid":{"rendered":"http:\/\/www.fses.es\/?page_id=267"},"modified":"2023-03-28T13:29:22","modified_gmt":"2023-03-28T13:29:22","slug":"nuestro-organigrama","status":"publish","type":"page","link":"https:\/\/fses.es\/?page_id=267","title":{"rendered":"Nuestro organigrama"},"content":{"rendered":"<h6><img decoding=\"async\" loading=\"lazy\" class=\"size-full wp-image-274 alignleft\" src=\"http:\/\/www.fses.es\/wp-content\/uploads\/2014\/12\/organigrama.jpg\" alt=\"Organigrama de FSES\" width=\"580\" height=\"239\" srcset=\"https:\/\/fses.es\/wp-content\/uploads\/2014\/12\/organigrama.jpg 580w, https:\/\/fses.es\/wp-content\/uploads\/2014\/12\/organigrama-300x123.jpg 300w, https:\/\/fses.es\/wp-content\/uploads\/2014\/12\/organigrama-250x103.jpg 250w\" sizes=\"(max-width: 580px) 100vw, 580px\" \/><\/h6>\n<h6><strong>COMISI\u00d3N COORDINADORA FEDERAL<\/strong><\/h6>\n<ul>\n<li>Jos\u00e9 Francisco Venzal\u00e1 Gonz\u00e1lez (ANPE)<\/li>\n<li>Jos\u00e9 Mar\u00eda Cuadrado Mont\u00e1nez (ANPE)<\/li>\n<li>Ram\u00f3n Izquierdo Castillejo (ANPE)<\/li>\n<li>Gabriel del Pozo Sosa (CEMSATSE)<\/li>\n<li>Laura A. Villase\u00f1or Roa (CEMSATSE)<\/li>\n<li>Mar\u00eda Jos\u00e9 Campillo Palomera (CEMSATSE)<\/li>\n<li>Manuel Cascos Fern\u00e1ndez (SATSE)<\/li>\n<li>Rafael Reig Recena (SATSE)<\/li>\n<li>Azahara Medina Serrano (SATSE)<\/li>\n<\/ul>\n<h6 style=\"text-align: left;\" align=\"center\"><b>COMISI\u00d3N PERMANENTE C.C.F.<\/b><\/h6>\n<ul>\n<li>Rafael Reig Recena (Coordinador)<\/li>\n<li>Jos\u00e9 Francisco Venzal\u00e1 Gonz\u00e1lez (ANPE)<\/li>\n<li>Jose Mar\u00eda Cuadrado Mont\u00e1nez (ANPE)<\/li>\n<li>Gabriel del Pozo Sosa (CEMSATSE)<\/li>\n<li>Laura A. Villase\u00f1or Roa (CEMSATSE)<\/li>\n<li>Manuel Cascos Fern\u00e1ndez (SATSE)<\/li>\n<li>Azahara Medina Serrano (SATSE)<\/li>\n<\/ul>\n<h6 style=\"text-align: left;\" align=\"center\">COMISI\u00d3N DE CONTROL Y GARANT\u00cdAS<\/h6>\n<ul>\n<li>Mar\u00eda Jos\u00e9 Campillo Palomera (CEMSATSE)<\/li>\n<li>Marino Barona Calvo (SATSE)<\/li>\n<li>Esteban Serrano Tamayo (ANPE)<\/li>\n<\/ul>\n<h6 style=\"text-align: left;\" align=\"center\">SECRETAR\u00cdA DE FINANZAS<\/h6>\n<ul>\n<li>M\u00f3nica Sanchez de la Nieta Gasc\u00f3n (ANPE)<\/li>\n<\/ul>\n","protected":false},"excerpt":{"rendered":"<p>COMISI\u00d3N COORDINADORA FEDERAL Jos\u00e9 Francisco Venzal\u00e1 Gonz\u00e1lez (ANPE) Jos\u00e9 Mar\u00eda Cuadrado Mont\u00e1nez (ANPE) Ram\u00f3n Izquierdo Castillejo (ANPE) Gabriel del Pozo Sosa (CEMSATSE) Laura A. Villase\u00f1or Roa (CEMSATSE) Mar\u00eda Jos\u00e9 Campillo Palomera (CEMSATSE) Manuel Cascos Fern\u00e1ndez (SATSE) Rafael Reig Recena (SATSE) Azahara Medina Serrano (SATSE) COMISI\u00d3N PERMANENTE C.C.F. Rafael Reig Recena (Coordinador) Jos\u00e9 Francisco Venzal\u00e1 Gonz\u00e1lez [&hellip;]<\/p>\n","protected":false},"author":5,"featured_media":0,"parent":2,"menu_order":0,"comment_status":"open","ping_status":"open","template":"","meta":[],"_links":{"self":[{"href":"https:\/\/fses.es\/index.php?rest_route=\/wp\/v2\/pages\/267"}],"collection":[{"href":"https:\/\/fses.es\/index.php?rest_route=\/wp\/v2\/pages"}],"about":[{"href":"https:\/\/fses.es\/index.php?rest_route=\/wp\/v2\/types\/page"}],"author":[{"embeddable":true,"href":"https:\/\/fses.es\/index.php?rest_route=\/wp\/v2\/users\/5"}],"replies":[{"embeddable":true,"href":"https:\/\/fses.es\/index.php?rest_route=%2Fwp%2Fv2%2Fcomments&post=267"}],"version-history":[{"count":18,"href":"https:\/\/fses.es\/index.php?rest_route=\/wp\/v2\/pages\/267\/revisions"}],"predecessor-version":[{"id":795,"href":"https:\/\/fses.es\/index.php?rest_route=\/wp\/v2\/pages\/267\/revisions\/795"}],"up":[{"embeddable":true,"href":"https:\/\/fses.es\/index.php?rest_route=\/wp\/v2\/pages\/2"}],"wp:attachment":[{"href":"https:\/\/fses.es\/index.php?rest_route=%2Fwp%2Fv2%2Fmedia&parent=267"}],"curies":[{"name":"wp","href":"https:\/\/api.w.org\/{rel}","templated":true}]}}